0/(-120)). Calculate s(m).
11
Suppose -4*u = 1 - 9. Suppose 6 = -3*d + 5*d. Let z(p) = d*p**u + 0*p**2 + 4 - 11*p + 8*p + 8*p. What is z(-3)?
16
Let f(u) = -18*u**2 - u. Let x = 18 + -15. Let n = x - 4. Determine f(n).
-17
Let s(j) = 8 + 13 + 3*j - 10 + 5. Determine s(-8).
-8
Let k = 37 + -35. Let o(b) = -6 + 8 + k - b**2. Calculate o(-4).
-12
Let w(h) = -2*h + 4. Let a be w(4). Let b = -3 - a. Let d(l) = -2*l + b + l - 6. Give d(-6).
1
Let b(s) be the first derivative of s**4/24 + s**3/2 - 9*s**2 + 8. Let f(u) be the second derivative of b(u). Determine f(0).
3
Let z(i) = i**3 + 37*i**2 - 38*i + 9. Let p be z(-38). Let l(t) be the first derivative of t**4/4 - 8*t**3/3 - 11*t**2/2 + 8*t + 1. Give l(p).
-10
Suppose -p + 0 = -4*f + 19, 0 = -5*f + p + 24. Let a(v) = -3*v**2 - 3*v - 10. Let y(w) = 4*w**2 + 5*w + 15. Let h(b) = f*y(b) + 7*a(b). What is h(5)?
0
Let c(y) = 4*y + 8. Let z(s) = -3*s - 5. Let f(g) = -5*c(g) - 7*z(g). Let x(q) = q**3 + q**2 - 7*q + 1. Let r be x(3). Let t = 16 - r. Determine f(t).
-5
Let a be 1/((3 - (8 - 3))/(-24)). Let q(y) = -2*y + 8. Determine q(a).
-16
Let c(m) = m**3 - 12*m**2 - 15*m + 16. Let o be -1*(11 - 30) + -6. Calculate c(o).
-10
Let v(y) = 2 + 10*y**2 - y**3 + 22*y + 1 + 6 - 24*y. Determine v(10).
-11
Let c(x) be the first derivative of x**2/2 + 16. Let w(a) = 1. Suppose -5*i - 18 + 0 = -2*z, -17 = z + 4*i. Let p(o) = z*w(o) + c(o). Calculate p(0).
-1
Let o(b) = -2*b**3 + b**2. Let z be o(-1). Suppose 2*y + 0*j - 16 = -j, z*j = 12. Let k(m) = -2*m. What is k(y)?
-12
Let r(a) = a**2 + 5*a + 4. Suppose -35*y - 63 = -26*y. What is r(y)?
18
Let d(x) = -5 + 6 - 4 - 3*x**2 + 2*x + 1. Determine d(3).
-23
Let b(u) = -u**2 + 15*u - 17. Suppose 8 = q + 2*w, q + 6*w + 74 = 5*q. Determine b(q).
-3
Let q(j) be the second derivative of -j**6/360 - j**5/60 - j**4/12 + 7*j**3/3 - 5*j. Let a(i) be the second derivative of q(i). Determine a(-4).
-10
Let x(f) = -f**3 + 10*f**2 + 8. Let y(d) = -d**3 - 14*d**2 - 2*d - 18. Let g be y(-14). Calculate x(g).
8
Suppose 0 = 3*k + 3, 4*c + 2*k - 47 - 43 = 0. Let u(m) = m**2 - 21*m - 47. Calculate u(c).
-1
Let v(r) be the third derivative of 0*r - 3*r**2 + 0 - 1/2*r**3 - 1/24*r**4. Let w be -7 - (-5 - (4 + -5)). Determine v(w).
0
Let t(f) = -7*f + 36. Let r(y) = -13*y + 65. Let p(q) = 4*r(q) - 7*t(q). Give p(4).
-4
Let x(p) = -6*p - 1. Let r(k) = 15*k + 4. Let m(i) = 4*r(i) + 11*x(i). Give m(4).
-19
Let i(x) = x**3 - 3*x**2 - 10*x - 7. Let q be (-55)/(-22)*(15/(-3) + 7). Give i(q).
-7
Let f(y) = 9*y - 4. Suppose 4*s - 2*t = -228, -3*t = -3*s + t - 171. Let q be 38/s*(-18)/4. Calculate f(q).
23
Let w(l) = 5*l - 1. Suppose 4*a - 17 + 5 = 0. Let p(g) = -11*g + 4*g - 6*g**2 - 7 + 0*g**a - g**2 - g**3. Let z be p(-6). Give w(z).
-6
Let n(x) = 1 - 2*x**2 + 0 + 3*x - x. Suppose 3*y + 5 = 5*z - 2, -4*z + 5*y = -16. What is n(z)?
-3
Let s(h) = 7*h + 19. Let b(n) be the second derivative of -2*n**3/3 - 5*n**2 - n. Let z(d) = -11*b(d) - 6*s(d). Let m = -3596 - -3599. Calculate z(m).
2
Let q = -443 + 429. Let p(a) = a**2 + 14*a - 4. Calculate p(q).
-4
Let p(q) be the first derivative of 1/3*q**3 - 8*q + 8 + 1/4*q**4 + 1/2*q**2. Calculate p(0).
-8
Let p(u) be the first derivative of -5/2*u**2 - 1/24*u**4 + 0*u + 4 + 5/6*u**3. Let w(v) be the second derivative of p(v). Determine w(5).
0
Let q(w) = w**3 - w**2. Let j(z) = 12*z**3 - z**2 - 4*z + 1. Let g(f) = -f**3 + f**2 - f. Let u(o) = 3*g(o) - j(o). Let p(i) = 5*q(i) + u(i). What is p(1)?
-11
Let g(n) = n**3 + 9*n**2 - 9*n + 4. Let r = -1262 + 1252. Calculate g(r).
-6
Let l(g) be the first derivative of g**4/4 - 4*g**3/3 + 2*g**2 - 2*g - 171. Calculate l(4).
14
Let t(w) = -w**2 + 74*w - 266. Let c be t(4). Let z(y) = -y**3 + 14*y**2 + y - 18. Give z(c).
-4
Suppose 30*o - 8*o = -110. Let p(u) = -8*u - 3*u**2 - 7 + u**2 + 4*u**2 - 4*u**2. What is p(o)?
-17
Let t(p) = -p**2 - 2*p - 7. Let y(d) = -2*d**2 - 3*d - 16. Let c(n) = 9*t(n) - 4*y(n). Determine c(-5).
6
Let o(m) = 3*m + 2. Let q = -8 - -11. Suppose -6 = q*y - y. Let s be (-1)/(y/3) - 3. What is o(s)?
-4
Let l(p) = -111 - 4*p + 2*p + 104 - 2*p. Give l(-2).
1
Let l(f) = -52*f - 12. Let j(r) = 6*r + 1. Let p(d) = -18*j(d) - 2*l(d). Calculate p(-3).
18
Let l(z) be the first derivative of -z**2/2 - 11*z + 1. Let b(k) = -2*k**3 - 44*k**2 - 2*k - 49. Let a be b(-22). What is l(a)?
-6
Suppose -5*d + d = -4. Let x(n) = -n**3 - 2*n**2 + n - 3. Let y be x(-3). Let m(o) = 7*o + 1. Let a(h) = 8*h + 2. Let t(k) = y*m(k) - 2*a(k). Determine t(d).
4
Let f = -1946 - -1957. Let c(z) = -z**3 + 12*z**2 - 10*z - 11. Determine c(f).
0
Let i(t) be the second derivative of t**5/20 - t**3/6 - 3*t**2 + 2*t + 30. Give i(0).
-6
Let p(o) = -2*o**2 + 12*o - 1. Let g be p(6). Let q(b) = 31*b**2 + b + 1. Calculate q(g).
31
Let d(j) be the first derivative of -j**7/120 + j**5/120 + 20*j**3/3 - 17. Let z(b) be the third derivative of d(b). What is z(1)?
-6
Let l(r) = r**3 + 5*r**2 - 5*r. Let z be l(-6). Let j be z*((-16)/6 + 3). Let a(c) be the third derivative of -c**6/120 + c**4/12 + c**2. Determine a(j).
4
Let n(q) = 5*q. Let g(d) = -d**2 + 7*d + 3. Let t(u) = u**3 + 7*u**2 + 10*u + 7. Let m be t(-5). Let k be g(m). Determine n(k).
15
Suppose 3*n = 4*y + 1, 7 = -2*n + 3*n + 2*y. Let i(w) = 2 - w + w**n + 5*w**2 - w**2 + 2. Let b(v) = -v - 3. Let u be b(1). Give i(u).
8
Suppose 0 = -p - 1 - 1, -2*p - 22 = 3*j. Let u(s) = 5*s**3 + 6*s**2 - 13*s - 1. Let d(c) = 9*c**3 + 12*c**2 - 25*c - 1. Let n(o) = j*d(o) + 11*u(o). Give n(5).
5
Let v(s) = -s**3 + 3*s**2 + s + 3. Let g(n) = -4*n + 59. Let h be g(14). Calculate v(h).
6
Let d = 10 + -16. Let x(v) = -v**2 - 9*v - 7. Give x(d).
11
Let f(q) = 8*q + 8*q**2 + 1 - 3*q**2 - 6*q**2. Calculate f(7).
8
Let h(j) = 7*j + 1. Let q be h(-1). Let w(d) = d**3 + 5*d**2 - 2*d + 19. Let y be w(q). Let b(n) = n**2 + 3*n. Calculate b(y).
10
Let x(f) = -4*f - 10. Let b(y) = 1. Let z(c) = -5*b(c) + x(c). Determine z(-6).
9
Let d(y) = 11*y + 1. Let b = 22 + -11. Let t(h) = h**3 - 12*h**2 + 12*h - 12. Let v be t(b). Determine d(v).
-10
Let n = -97 - -102. Suppose 11 = n*l - 14. Let g(s) = 3*s - 3. Give g(l).
12
Let j(r) = -6*r + 1. Let s(a) = -15*a - 3. Let y(k) = 3*j(k) - s(k). Calculate y(12).
-30
Let b(z) = z**2 - 6*z - 3. Suppose -t + 18 = -4*t. Let i(o) = -o**3 - 5*o**2 + 5*o - 7. Let m be i(t). Let s be 25/(-15)*m*3. Calculate b(s).
-8
Suppose -2*p = -195 + 193. Let i(q) = 23*q**2 - 2*q + 1. What is i(p)?
22
Suppose 13 = 4*z - 63. Let s = -23 + z. Let u(l) = -l**2 - 5*l - 6. Determine u(s).
-2
Let t(f) = 27*f**2 + f + 1. Let v be -33 - -39 - (-1 - -8). Give t(v).
27
Let y be -4*2/(-4) + 3. Let h be (-5)/y*(1 - 0). Let f(x) = -4*x - 1. Calculate f(h).
3
Let c(q) = -4*q**2 + 2*q. Let z = 305 + -308. Let g(x) = x + 6. Let t be g(-7). Let i = t - z. Determine c(i).
-12
Let m(r) be the second derivative of 0 + 0*r**4 - 7/3*r**3 - 5*r + 1/30*r**5 + 0*r**2. Let h(x) be the second derivative of m(x). What is h(2)?
8
Let u(y) = -y**3 - 8*y**2 - 5*y + 3. Let l(a) = 6*a**3 - 5*a**2 - 5*a - 2. Let x be l(-1). Determine u(x).
43
Let s(q) = 8*q**3 - 4*q**2 + 4*q + 3. Let o(c) = -5*c**3 + 9*c**2 - 7 - 8*c**3 - 4*c**3 - 9*c. Suppose -h - 10 = -1. Let x(a) = h*s(a) - 4*o(a). What is x(1)?
-3
Let k(g) be the second derivative of -5*g + g**2 + 2/3*g**3 + 0 - 1/8*g**4. Let l(q) be the first derivative of k(q). Determine l(4).
-8
Let g(y) = y**3 - 2*y**2 - y + 2. Let u be 2 - ((-4)/(-4) - -3). Determine g(u).
-12
Let d(y) be the second derivative of y**5/20 - 7*y**4/12 - 7*y**2/2 - 4*y. Calculate d(7).
-7
Let a(z) = 4*z - 3. Let u be a(2). Let h(o) = -5*o - 3. Calculate h(u).
-28
Suppose 6 = 2*x + 4*h, 0 = 3*x + 6*h - h - 9. Let u(v) = 2 - x*v + 2*v + 0*v. Calculate u(3).
-1
Let l(r) = 5*r + 82. Let j be l(-16). Let w(x) = -2*x**2 - 1. Give w(j).
-9
Suppose -30*b = -60 - 0. Let a(q) be the third derivative of 0 + q**3 + 0*q + 1/60*q**5 - 1/4*q**4 + 5*q**b. Give a(6).
6
Suppose -2 = u - 0*u. Let x(s) be the third derivative of -s**5/60 + s**3/3 + 96*s**2. Determine x(u).
-2
Let s(y) = -y**2 + 10*y + 4. Let h(o) be the first derivative of -o**2/2 - o - 28. Let j(z) = 6*h(z) + s(z). Give j(5).
-7
Let d(p) = 7*p**2 - 21*p - 16. Let c(q) = -10*q**2 + 32*q + 23. Let s(x) = 5*c(x) + 7*d(x). What is s(10)?
33
Let m be 